et c(p) = -75*p**2 + 2922*p + 98. Determine c(39).
-19
Let i(q) = -17*q - 165. What is i(-11)?
22
Let k(x) = -x**3 + 4*x**2 + 11*x - 37. Give k(-4).
47
Let s(v) = 670*v + 2688. Calculate s(-4).
8
Let s(o) = -95*o + 765. Calculate s(8).
5
Let i(f) = 2*f + 210. What is i(-9)?
192
Let r(f) = 4*f + 118. Give r(-32).
-10
Let g(h) = -64*h**2 - 36*h - 27. Give g(-1).
-55
Let z(d) = d**2 - 2*d - 19. Determine z(8).
29
Let u(z) = 20*z + 1762. Give u(-89).
-18
Let c(b) = -b**2 - 39*b + 265. Give c(7).
-57
Let n(b) = 3*b + 115. Calculate n(-27).
34
Let a(r) = -12*r**2 + 10*r + 179. Determine a(-7).
-479
Let b(c) = 74*c + 2602. What is b(-35)?
12
Let u(t) = t**2 + 72*t + 261. What is u(-4)?
-11
Let p(l) = 2*l**2 + 16*l - 28. Give p(-8).
-28
Let v(w) = 2*w**2 + 42*w + 52. Determine v(-19).
-24
Let r(b) = -32*b - 296. Determine r(-10).
24
Let r(v) = -1921*v - 9611. Give r(-5).
-6
Let z(d) = 87*d + 1272. Calculate z(-15).
-33
Let p(l) = l**3 + 18*l**2 + 79*l - 32. What is p(-9)?
-14
Let w(l) = -2*l**2 + 86*l + 681. Determine w(-7).
-19
Let r(x) = x**3 - 3*x**2 + 80. Determine r(7).
276
Let c(n) = n**3 - 50*n - 248. What is c(-6)?
-164
Let v(g) = 48*g**2 - 1574*g - 338. Determine v(33).
-8
Let y(i) = -i**3 + 11*i**2 + 61*i - 60. What is y(15)?
-45
Let m(j) = -j**3 + 24*j**2 - 19*j - 94. Determine m(23).
-2
Let x(m) = -m**3 + 15*m**2 - 105. What is x(14)?
91
Let r(d) = 10*d**3 + 3*d**2 - 19*d + 15. What is r(1)?
9
Let j(l) = l**3 + 36*l**2 - 8*l - 18. Give j(0).
-18
Let i(v) = -37*v + 1479. Give i(42).
-75
Let y(m) = m**3 - 5*m**2 + 18*m - 16. What is y(2)?
8
Let b(m) = -m**3 - 13*m**2 + 121*m + 909. Determine b(-17).
8
Let z(f) = 6*f - 45. Determine z(6).
-9
Let a(n) = -35*n**2 - 521*n + 65. Determine a(-15).
5
Let k(l) = l**3 + 8*l**2 - 32*l - 293. What is k(-7)?
-20
Let d(k) = -k**3 - 11*k**2 - 25*k + 32. What is d(-7)?
11
Let j(y) = 35*y + 2507. Give j(-72).
-13
Let g(o) = -o**3 + 14*o**2 + 430*o + 190. What is g(29)?
45
Let w(c) = 5*c**2 - 16*c - 61. What is w(11)?
368
Let r(z) = -68*z - 2177. What is r(-29)?
-205
Let u(o) = 8*o**3 + 19*o + 19. Give u(-1).
-8
Let m(r) = 4*r**3 + 2*r**2 + 31*r + 64. What is m(-2)?
-22
Let s(b) = 2*b**3 - 11*b**2 - 23*b + 21. What is s(7)?
7
Let g(z) = 4*z**3 + 663*z**2 - 835*z + 2. Determine g(-167).
2
Let u(a) = a**2 - 153*a + 302. Give u(151).
0
Let c(y) = y**2 - 222*y + 1915. Calculate c(213).
-2
Let q(d) = -460*d + 2303. Give q(5).
3
Let x(f) = 36*f - 222. What is x(-3)?
-330
Let w(t) = -313*t + 1845. What is w(6)?
-33
Let a(s) = -3*s**2 + 243*s + 1288. Give a(86).
-2
Let u(c) = 202*c + 1201. Give u(-6).
-11
Let i(u) = -u**3 - 7*u**2 + 20*u + 23. Determine i(-8).
-73
Let v(f) = -3*f**2 + 13*f + 19. Give v(-13).
-657
Let j(g) = -2*g**3 - 40*g**2 + 45*g + 74. Determine j(-21).
11
Let x(m) = 18*m**3 - m**2 - 66*m - 256. Give x(-4).
-1160
Let n(k) = -78*k - 4682. What is n(-60)?
-2
Let q(r) = -2*r**2 - 47*r + 72. What is q(-25)?
-3
Let r(q) = -q**3 + 19*q**2 + 17*q + 60. Calculate r(21).
-465
Let y(t) = 338*t - 10806. Calculate y(32).
10
Let u(w) = -8*w**3 - 17*w**2 + 6*w + 16. What is u(-2)?
0
Let k(y) = y**2 + 200*y - 1454. Give k(7).
-5
Let g(u) = -253*u - 49. Give g(-2).
457
Let s(v) = v**3 + 21*v**2 - 4*v - 35. What is s(-21)?
49
Let q(g) = g**3 + 9*g**2 + 9*g - 14. Give q(-7).
21
Let u(k) = 111*k + 4111. What is u(-37)?
4
Let s(p) = 9*p + 12. Give s(14).
138
Let s(i) = -316*i - 1898. Give s(-6).
-2
Let a(q) = q**3 - 51*q**2 - 11*q + 707. Determine a(51).
146
Let h(g) = -8*g**2 + 53*g + 25. What is h(7)?
4
Let u(c) = c**2 + 62*c - 1566. Determine u(-78).
-318
Let t(i) = 31*i - 2444. What is t(97)?
563
Let m(s) = 281*s - 14235. Calculate m(51).
96
Let n(o) = o**3 + 11*o**2 + 7*o - 22. Give n(-9).
77
Let q(r) = -r**2 - 889*r - 78. What is q(0)?
-78
Let o(w) = -w**3 - 8*w**2 - 112*w - 745. Calculate o(-7).
-10
Let n(z) = -z**2 - 364*z + 17952. Determine n(44).
0
Let q(g) = -263*g - 30773. Calculate q(-117).
-2
Let j(l) = 3*l**2 - 19*l + 33. Calculate j(7).
47
Let q(b) = -24*b + 272. Give q(14).
-64
Let n(a) = 2571*a - 23137. Determine n(9).
2
Let a(u) = -2*u**3 - 8*u**2 + 2*u + 2. Calculate a(-7).
282
Let r(d) = 2*d**3 - 24*d**2 + 25. What is r(12)?
25
Let u(z) = 23*z**2 - 60*z - 32. Give u(7).
675
Let z(g) = 14*g - 710. Give z(47).
-52
Let s(k) = 74*k**2 + 19*k. What is s(1)?
93
Let d(h) = -h**3 - 4*h**2 + 3*h + 160. Give d(0).
160
Let o(j) = -6*j - 33. Determine o(-11).
33
Let a(w) = -2*w**3 - 103*w**2 - 248*w - 190. Give a(-49).
-43
Let a(g) = -4*g**3 - 8*g**2 + 22*g + 44. What is a(-3)?
14
Let r(b) = 40*b + 137. Determine r(-4).
-23
Let m(s) = 5*s**2 + s - 16. What is m(6)?
170
Let r(m) = -m**3 - 8*m**2 + 31*m + 120. Give r(-10).
10
Let x(j) = 2*j**3 - 21*j**2 + 36*j + 20. Calculate x(7).
-71
Let b(x) = -9*x - 57. Determine b(-8).
15
Let y(w) = w**3 + 9*w**2 - 25*w + 25. Give y(-11).
58
Let t(p) = p**3 + 8*p**2 + 21*p - 6. Determine t(-3).
-24
Let y(k) = -2*k**3 + 43*k**2 - 28*k - 664. Calculate y(20).
-24
Let o(v) = 16*v**2 - 290*v - 2754. Determine o(25).
-4
Let o(q) = 75*q - 340. Determine o(5).
35
Let c(y) = 78*y - 2419. Give c(31).
-1
Let t(a) = -2*a**2 - 93*a - 903. What is t(-31)?
58
Let o(s) = s**3 - 84*s**2 + 1759*s + 177. Calculate o(43).
5
Let k(z) = 2294*z + 4579. Calculate k(-2).
-9
Let m(s) = 15*s**3 + 4*s**2 - s - 3. Calculate m(1).
15
Let o(k) = -15*k**2 + 246*k + 168. Give o(17).
15
Let u(k) = -4*k**2 - 1393*k + 5630. Determine u(4).
-6
Let h(a) = 6*a**3 - 64*a**2 - 20*a - 23. Calculate h(11).
-1
Let n(y) = y**3 + 73*y**2 - 2951*y + 708. Give n(-102).
-6
Let v(m) = -2*m**2 + 44*m + 110. Calculate v(24).
14
Let j(t) = 4229*t - 38015. Give j(9).
46
Let b(m) = -8*m**2 - 21*m + 3632. Determine b(20).
12
Let t(o) = -78*o**3 - 93*o**2 - 9*o - 13. Determine t(-1).
-19
Let i(a) = -a**3 - 35*a**2 + 68*a - 229. Calculate i(-37).
-7
Let w(f) = -11*f**2 - 549*f + 49. What is w(-50)?
-1
Let i(l) = -3*l**2 - 120*l + 3844. Calculate i(-61).
1
Let q(h) = -h**2 + 33*h - 310. What is q(13)?
-50
Let i(x) = -18*x - 196. Calculate i(-10).
-16
Let b(t) = -216*t + 6677. What is b(31)?
-19
Let m(w) = -3*w**2 + 208*w - 3594. Determine m(36).
6
Let p(n) = 387*n**2 + 2327*n + 22. Calculate p(-6).
-8
Let u(v) = -v**3 - 7*v**2 - 3*v + 3. Determine u(-2).
-11
Let g(q) = q**3 + 39*q**2 + 225*q - 27. Give g(-32).
-59
Let c(o) = -406*o**2 - 11369*o - 25. Determine c(-28).
3
Let o(n) = n**2 + 126*n + 2713. Give o(-99).
40
Let o(v) = -22*v**3 - 126*v**2 + 37*v - 2. Give o(-6).
-8
Let l(x) = x**2 + 100*x + 700. Calculate l(-92).
-36
Let q(x) = -3*x**3 + 125*x**2 + 14*x + 217. Give q(42).
-959
Let c(g) = -g**3 - 27*g**2 - 85*g + 161. Give c(-23).
0
Let x(j) = 3*j**2 - 21*j + 95. Determine x(5).
65
Let i(u) = 223*u - 7332. Determine i(33).
27
Let v(g) = -70*g + 2121. Give v(30).
21
Let c(j) = -2*j**3 - 134*j**2 - 1232*j - 20. Determine c(-56).
-20
Let v(t) = -41*t - 1144. Calculate v(-30).
86
Let b(r) = 10*r**2 - 148*r - 5. Give b(16).
187
Let j(x) = x**3 + 12*x**2 - 88*x + 5. What is j(-17)?
56
Let h(g) = -290*g**2 + 583*g - 3. What is h(2)?
3
Let r(p) = -2*p**3 - 11*p**2 - 61*p - 217. Give r(-5).
63
Let m(q) = 3*q**3 - 10*q**2 + 3*q + 2. Calculate m(3).
2
Let b(j) = j**2 + 128*j - 803. What is b(6)?
1
Let t(l) = -206*l + 1191. What is t(6)?
-45
Let x(n) = -n**3 - 72*n**2 - 628*n - 90. What is x(-10)?
-10
Let t(u) = -62*u**3 + 7*u**2 - 2*u - 1. Determine t(1).
-58
Let h(d) = 13*d**2 - 229*d + 127. What is h(17)?
-9
Let b(z) = -z**3 - 52*z**2 + 50*z - 160. Determine b(-53).
-1
Let q(h) = -8*h**2 - 15*h + 174. Calculate q(4).
-14
Let z(r) = 9*r + 201. Give z(19).
372
Let k(g) = g**2 + 17*g + 6. Give k(9).
240
Let t(w) = 10*w**2 - 67*w - 8. Calculate t(8).
96
Let z(h) = h**2 + 7*h - 4008. Calculate z(60).
12
Let n(i) = 421*i - 2513. What is n(6)?
13
Let l(x) = -x**3 - 260*x**2 + 1871*x + 530. Calculate l(-267).
-4
Let o(d) = 4*d**2 - 85*d - 1964. What is o(-14)?
10
Let x(v) = -13*v + 911. What is x(69)?
14
Let j(y) = 50*y**2 - 66*y + 12. What is j(1)?
-4
Let w(h) = -33*h - 318. What is w(-13)?
111
Let z(t) = -t**3 + 104*t**2 - 597*t + 900. Calculate z(98).
18
Let g(p) = -p**3 - p**2 - 5*p + 22. Calculate g(-6).
232
Let k(r) = 10*r - 43. Calculate k(-10).
-143
Let n(v) = -438*v**2 + 16641*v + 106. Calculate n(38).
-8
Let g(i) = i**3 + 